894*a + 1. Calculate m(0).
1
Let a(w) = -2*w**3 - 607*w**2 - 6140*w + 3774. What is a(-293)?
-35
Let p(c) = -c**2 + 971*c - 27886. Determine p(29).
-568
Let v(z) = -27436*z + 795649. What is v(29)?
5
Let p(b) = -2*b**3 - 63*b**2 - 59*b - 1350. What is p(-31)?
-482
Let n(v) = 322*v - 7094. Give n(30).
2566
Let j(n) = -n**3 + 11*n**2 - 52*n + 205. Give j(9).
-101
Let g(v) = -15*v**3 - 45*v**2 + 6*v + 101. Give g(-2).
29
Let j(h) = -8*h**3 - 5*h**2 - 19*h - 15. Determine j(-2).
67
Let n(a) = a**2 - 145*a - 16225. Determine n(-74).
-19
Let t(s) = -4480*s + 67263. What is t(15)?
63
Let c(h) = -7*h**2 - 3742*h + 9507. Give c(-537).
378
Let h(a) = 294251*a + 2059849. Calculate h(-7).
92
Let x(y) = y**3 + 6*y**2 - 1190*y + 9494. What is x(9)?
-1
Let f(u) = -123977*u + 5083070. Give f(41).
13
Let j(f) = -f**3 + 27*f**2 - 851*f + 21680. Calculate j(26).
230
Let s(i) = -i**3 + 319*i**2 - 8932*i - 48. Give s(31).
-172
Let t(i) = -2*i**2 - 489*i - 29901. What is t(-125)?
-26
Let c(v) = v**3 + 111*v**2 + 1827*v + 673. Give c(-91).
36
Let b(j) = 11*j**2 - 104*j - 1693. Determine b(18).
-1
Let u(z) = -z**3 - 537*z**2 + 13407*z - 31970. What is u(-561)?
7
Let s(m) = -739*m - 16681. Give s(-23).
316
Let q(b) = -b**2 + 94*b - 2174. Give q(54).
-14
Let h(j) = j**3 + 30*j**2 - 18227*j + 54387. What is h(3)?
3
Let n(h) = 3*h**2 - 994*h + 82342. Determine n(165).
7
Let u(w) = 2*w**2 + 6269*w - 150978. Give u(24).
630
Let y(i) = -i**2 + 762*i - 15545. Determine y(21).
16
Let t(b) = 3646*b - 306281. Calculate t(84).
-17
Let c(q) = -827*q + 164860. Determine c(199).
287
Let z(s) = 11*s**2 + 7622*s + 197781. Give z(-27).
6
Let g(k) = 2*k**2 + 5484*k - 93807. Give g(17).
-1
Let c(k) = -1477*k + 141850. Give c(96).
58
Let t(z) = -358*z + 96241. Calculate t(270).
-419
Let k(z) = 768*z - 5006. What is k(5)?
-1166
Let j(t) = -t**2 - 1564893*t + 18. Calculate j(0).
18
Let o(g) = 214*g**2 + 2566*g - 17. Calculate o(-12).
7
Let z(m) = m**3 - 33*m**2 + 195*m + 17. What is z(7)?
108
Let m(u) = -u**2 - 679*u - 33742. What is m(-625)?
8
Let v(m) = 34*m**3 - 3*m**2 - 33*m - 29. What is v(-1)?
-33
Let p(f) = f**3 + 9*f**2 - 175964*f - 1701. Give p(-424).
-5
Let v(s) = -18*s**3 - 414*s**2 - 11*s - 261. Determine v(-23).
-8
Let o(y) = -1084*y + 11019. Give o(10).
179
Let x(p) = 1659*p + 1503053. Give x(-906).
-1
Let k(a) = 8*a**2 + 115*a + 407. Determine k(-7).
-6
Let p(g) = 333*g**3 - 31*g**2 - 23*g + 26. Give p(1).
305
Let f(r) = -606*r + 129693. Calculate f(214).
9
Let s(b) = -890*b - 403168. What is s(-453)?
2
Let m(t) = -3*t**3 + 36*t**2 + 9*t + 349. Give m(16).
-2579
Let l(v) = -9*v**2 + 158*v + 1682. What is l(-10)?
-798
Let y(t) = -2*t**3 + 411*t**2 - 1806*t - 660. What is y(201)?
-57
Let z(f) = 124*f**2 + 49609*f + 3596. Give z(-400).
-4
Let u(q) = -q**3 + 30*q**2 + 19*q - 785. Calculate u(30).
-215
Let c(i) = -i**3 - 271*i**2 + 1959*i + 3628. Determine c(-278).
14
Let i(c) = -c**3 - 93*c**2 + 390*c - 20184. Determine i(-99).
12
Let w(r) = 7834*r + 38863. Determine w(-5).
-307
Let y(v) = 2*v**2 - 27*v - 146. What is y(-14)?
624
Let l(p) = -22*p**3 + 33*p**2 - 72*p - 46. What is l(4)?
-1214
Let g(l) = -58*l**3 - 310*l**2 + 25*l - 13. Give g(-4).
-1361
Let a(g) = -g**3 - 41*g**2 - 248*g - 8311. Calculate a(-40).
9
Let n(o) = 3*o**2 + 48*o - 149. Determine n(-19).
22
Let o(x) = 2*x**3 + 220*x**2 + 48*x + 5272. Determine o(-110).
-8
Let f(x) = -2*x**3 + 688*x**2 + 22*x - 7508. What is f(344)?
60
Let q(w) = -56*w**2 + 757*w - 2561. Give q(7).
-6
Let v(c) = 886*c + 1579. Determine v(-2).
-193
Let i(u) = -117*u**2 - 6054*u + 27884. What is i(-56)?
-4
Let m(w) = -w**3 + 185*w**2 - 160*w - 38018. Give m(183).
-320
Let v(o) = -3*o**3 + 39*o**2 - 20*o - 163. Give v(12).
29
Let h(i) = -72225*i + 722403. Determine h(10).
153
Let r(n) = 797037*n - 88471107. What is r(111)?
0
Let w(z) = -176*z - 28348. Give w(-161).
-12
Let f(p) = -3*p**3 + 150*p**2 - 1804*p + 84. Calculate f(20).
4
Let y(g) = -25*g - 1687. What is y(-61)?
-162
Let p(z) = -432*z**3 + 4*z**2 - 16*z + 28. What is p(2)?
-3444
Let s(q) = q**3 + 116*q**2 - 137*q + 28. Calculate s(0).
28
Let i(w) = -w**3 - 53*w**2 - 3598*w - 184373. Calculate i(-52).
19
Let o(g) = 11*g**2 - 14*g - 21882. Calculate o(-44).
30
Let k(u) = 14*u**2 - 1444*u - 255. Give k(104).
993
Let s(l) = 44*l**2 - 5812*l - 326. What is s(132)?
-854
Let f(r) = 100*r + 624. What is f(-12)?
-576
Let n(h) = h**3 + 42*h**2 - 55*h + 83. Calculate n(-43).
599
Let h(c) = -2366*c + 85176. What is h(36)?
0
Let c(l) = 2965*l + 204582. What is c(-69)?
-3
Let w(n) = -18160*n + 199799. Give w(11).
39
Let i(l) = l**3 - 12*l**2 - 6729*l - 11030. Calculate i(89).
6
Let a(p) = -5*p**2 - 284*p - 120. Calculate a(-56).
104
Let d(s) = -12*s**2 + 7289*s + 51066. Determine d(-7).
-545
Let w(b) = -b**3 + 202*b**2 + 2077*b + 9194. Calculate w(212).
78
Let d(l) = -l**2 + 97*l - 1107. Determine d(83).
55
Let n(g) = -4047*g + 141646. What is n(35)?
1
Let t(y) = 91978*y + 735830. Calculate t(-8).
6
Let o(r) = r**3 - 55*r**2 - 881*r - 11850. Calculate o(70).
-20
Let z(l) = 33268*l + 11876676. Determine z(-357).
0
Let x(z) = 8663*z + 857647. Give x(-99).
10
Let u(p) = 1881441*p + 7525783. What is u(-4)?
19
Let n(a) = 249595*a + 2246380. Determine n(-9).
25
Let p(z) = 1815*z**2 - 1760558*z + 7764. What is p(970)?
4
Let m(w) = w**3 - 265*w**2 - 1330*w - 5415. Give m(270).
-15
Let j(o) = -2331*o - 25849. Determine j(-11).
-208
Let b(m) = m**3 + 14*m**2 + 26800*m + 402256. Give b(-15).
31
Let x(h) = -15*h**2 + 1873*h + 6130. What is x(128)?
114
Let s(c) = 5359*c + 519833. What is s(-97)?
10
Let v(t) = 39425*t + 1616448. Give v(-41).
23
Let q(n) = n**3 - 5*n**2 + 26492*n - 132463. Give q(5).
-3
Let c(v) = -25299*v - 278376. Determine c(-11).
-87
Let y(w) = -w**3 - 327*w**2 - 16587*w + 11889. Determine y(-264).
9
Let k(h) = 29*h**2 - 8895*h + 268915. Give k(34).
9
Let c(g) = -37*g**2 - 6891*g + 13740. Determine c(2).
-190
Let i(g) = -492*g + 4257. Determine i(10).
-663
Let p(y) = 541*y**3 - 15674*y**2 - 438*y + 77. Give p(29).
-10
Let b(x) = -x**3 + 75*x**2 - 27*x + 1655. Determine b(75).
-370
Let q(p) = 22*p**2 + 119*p - 43769. Give q(42).
37
Let w(x) = -x**3 + 363*x**2 - 14902*x + 101435. What is w(317)?
-5
Let f(v) = -v**3 - 71*v**2 - 560*v - 1191. Give f(-4).
-23
Let r(j) = -2*j**3 + 345*j**2 + 1939*j + 3269. Give r(178).
-113
Let u(c) = 1874*c**2 + 1589*c - 2. What is u(-1)?
283
Let h(s) = 17592*s - 17465. What is h(1)?
127
Let y(m) = 9*m**2 - 1102*m - 13043. Calculate y(-11).
168
Let o(s) = s**3 + 1061*s**2 + 11553*s - 29. Determine o(-11).
-62
Let g(d) = -6959*d + 41858. What is g(6)?
104
Let x(i) = 547*i - 21494. Calculate x(39).
-161
Let r(d) = -d**3 - 15*d**2 - 54*d - 30. What is r(-16)?
1090
Let y(g) = -133*g - 2613. Calculate y(-29).
1244
Let v(c) = -c**3 - 85*c**2 - 49*c + 357. Give v(-84).
-2583
Let g(a) = -1230*a + 3648. What is g(3)?
-42
Let g(n) = -2*n**3 + 54*n**2 + 171*n - 136. Determine g(30).
-406
Let s(l) = 20157*l + 20150. Determine s(-1).
-7
Let s(j) = j**2 + 283*j + 9547. Give s(-239).
-969
Let d(u) = 6*u**3 + 9*u**2 - 138*u + 23. Determine d(4).
-1
Let s(r) = 34*r**2 + 15862*r - 7453. What is s(-467)?
19
Let d(a) = a**3 + 47*a**2 + 175*a + 1911. Determine d(-44).
19
Let o(c) = -2*c**3 - 9*c**2 + 52*c + 607. What is o(-9)?
868
Let c(l) = -723*l**2 - 4408*l - 424. Determine c(-6).
-4
Let l(w) = 5*w**2 + 328*w + 3010. Give l(-10).
230
Let j(u) = 146*u + 6207. What is j(-35)?
1097
Let o(j) = 9528*j - 285849. Determine o(30).
-9
Let u(s) = s**3 - 3*s**2 - 123*s + 573. Calculate u(5).
8
Let o(z) = 4673*z - 42073. Calculate o(9).
-16
Let k(a) = a**3 + 3*a**2 + 81*a + 1715. Give k(0).
1715
Let g(c) = -120162*c - 720933. Calculate g(-6).
39
Let h(g) = -2*g**3 - 316*g**2 - 303*g + 1759. Calculate h(-157).
32
Let j(n) = n**3 + 78*n**2 - 87*n + 12627. Calculate j(-81).
-9
Let z(g) = g**2 + 4123*g + 61619. Determine z(-15).
-1
Let a(u) = 10025*u - 290730. Give a(29).
-5
Let a(x) = x**3 + 440*x**2 - 3593*x + 245. What is a(8)?
173
Let v(d) = d**2 + 2057*d + 14433. Give v(-7).
83
Let f(b) = 633*b - 16549. Give f(31).
3074
Let o(w) = -w**3 + 169*w**2 - 488*w + 172682. Determine o(172).
-6
Let m(b) = 969*b + 457. Determine m(-1).
-512
Let m(x) = -6770*x - 81329. Give m(-12).
-89
Let k(h)